{"id":2,"date":"2024-01-10T19:16:34","date_gmt":"2024-01-10T18:16:34","guid":{"rendered":"http:\/\/leo-photos.fr\/?page_id=2"},"modified":"2024-02-13T08:55:15","modified_gmt":"2024-02-13T07:55:15","slug":"page-d-exemple","status":"publish","type":"page","link":"https:\/\/leo-photos.fr\/index.php\/page-d-exemple\/","title":{"rendered":"S\u00e9ances photos"},"content":{"rendered":"\n<p class=\"has-medium-font-size\">\ud83d\udcf8 <strong>Un instant m\u00e9morable captur\u00e9 pour l&rsquo;\u00e9ternit\u00e9!<\/strong><\/p>\n\n\n\n<blockquote class=\"wp-block-quote has-small-font-size is-layout-flow wp-block-quote-is-layout-flow\">\n<p>Des rires joyeux, des c\u00e2lins chaleureux font de ces s\u00e9ances une exp\u00e9rience extraordinaire. <\/p>\n\n\n\n<p>La complicit\u00e9 entre parents et enfants, les sourires spontan\u00e9s, et m\u00eame les petits moments espi\u00e8gles sont autant de tr\u00e9sors et d&rsquo;instant partag\u00e9 pour cr\u00e9er des souvenirs qui dureront toute une vie<\/p>\n<\/blockquote>\n\n\n\n<figure class=\"wp-block-gallery has-nested-images columns-default is-cropped wp-block-gallery-1 is-layout-flex wp-block-gallery-is-layout-flex\">\n<figure class=\"wp-block-image size-large is-style-rounded\"><img loading=\"lazy\" decoding=\"async\" width=\"1024\" height=\"683\" data-id=\"35\" src=\"https:\/\/leo-photos.fr\/wp-content\/uploads\/2024\/01\/Ph-14-1024x683.jpg\" alt=\"\" class=\"wp-image-35\" srcset=\"https:\/\/leo-photos.fr\/wp-content\/uploads\/2024\/01\/Ph-14-1024x683.jpg 1024w, https:\/\/leo-photos.fr\/wp-content\/uploads\/2024\/01\/Ph-14-300x200.jpg 300w, https:\/\/leo-photos.fr\/wp-content\/uploads\/2024\/01\/Ph-14-768x513.jpg 768w, https:\/\/leo-photos.fr\/wp-content\/uploads\/2024\/01\/Ph-14-1536x1025.jpg 1536w, https:\/\/leo-photos.fr\/wp-content\/uploads\/2024\/01\/Ph-14-2048x1367.jpg 2048w\" sizes=\"auto, (max-width: 1024px) 100vw, 1024px\" \/><\/figure>\n<\/figure>\n\n\n\n<figure class=\"wp-block-gallery has-nested-images columns-default is-cropped wp-block-gallery-2 is-layout-flex wp-block-gallery-is-layout-flex\">\n<figure class=\"wp-block-image size-large is-style-rounded\"><img loading=\"lazy\" decoding=\"async\" width=\"1024\" height=\"683\" data-id=\"31\" src=\"https:\/\/leo-photos.fr\/wp-content\/uploads\/2024\/01\/Ph-37-1024x683.jpg\" alt=\"\" class=\"wp-image-31\" srcset=\"https:\/\/leo-photos.fr\/wp-content\/uploads\/2024\/01\/Ph-37-1024x683.jpg 1024w, https:\/\/leo-photos.fr\/wp-content\/uploads\/2024\/01\/Ph-37-300x200.jpg 300w, https:\/\/leo-photos.fr\/wp-content\/uploads\/2024\/01\/Ph-37-768x513.jpg 768w, https:\/\/leo-photos.fr\/wp-content\/uploads\/2024\/01\/Ph-37-1536x1025.jpg 1536w, https:\/\/leo-photos.fr\/wp-content\/uploads\/2024\/01\/Ph-37-2048x1367.jpg 2048w\" sizes=\"auto, (max-width: 1024px) 100vw, 1024px\" \/><\/figure>\n<\/figure>\n\n\n\n<figure class=\"wp-block-gallery has-nested-images columns-default is-cropped wp-block-gallery-3 is-layout-flex wp-block-gallery-is-layout-flex\">\n<figure class=\"wp-block-image size-large is-style-rounded\"><img loading=\"lazy\" decoding=\"async\" width=\"1024\" height=\"1024\" data-id=\"39\" src=\"https:\/\/leo-photos.fr\/wp-content\/uploads\/2024\/01\/LEO_6743-1024x1024.jpg\" alt=\"\" class=\"wp-image-39\" srcset=\"https:\/\/leo-photos.fr\/wp-content\/uploads\/2024\/01\/LEO_6743-1024x1024.jpg 1024w, https:\/\/leo-photos.fr\/wp-content\/uploads\/2024\/01\/LEO_6743-300x300.jpg 300w, https:\/\/leo-photos.fr\/wp-content\/uploads\/2024\/01\/LEO_6743-150x150.jpg 150w, https:\/\/leo-photos.fr\/wp-content\/uploads\/2024\/01\/LEO_6743-768x768.jpg 768w, https:\/\/leo-photos.fr\/wp-content\/uploads\/2024\/01\/LEO_6743-1536x1536.jpg 1536w, https:\/\/leo-photos.fr\/wp-content\/uploads\/2024\/01\/LEO_6743-2048x2048.jpg 2048w\" sizes=\"auto, (max-width: 1024px) 100vw, 1024px\" \/><\/figure>\n<\/figure>\n\n\n\n<p class=\"has-text-align-center has-medium-font-size\">Si vous aussi vous souhaitez figer l&rsquo;amour et la joie de votre famille dans le temps, n&rsquo;h\u00e9sitez pas \u00e0 me contacter pour planifier votre s\u00e9ance photo personnalis\u00e9e. <\/p>\n\n\n\n<p class=\"has-text-align-center has-medium-font-size\">Je serais ravi de cr\u00e9er des souvenirs uniques pour votre famille.<\/p>\n","protected":false},"excerpt":{"rendered":"<p>\ud83d\udcf8 Un instant m\u00e9morable captur\u00e9 pour l&rsquo;\u00e9ternit\u00e9! Des rires joyeux, des c\u00e2lins chaleureux font de ces s\u00e9ances une exp\u00e9rience extraordinaire. La complicit\u00e9 entre parents et enfants, les sourires spontan\u00e9s, et m\u00eame les petits moments espi\u00e8gles sont autant de tr\u00e9sors et d&rsquo;instant partag\u00e9 pour cr\u00e9er des souvenirs qui dureront toute une vie Si vous aussi vous [&hellip;]<\/p>\n","protected":false},"author":1,"featured_media":0,"parent":0,"menu_order":1,"comment_status":"closed","ping_status":"closed","template":"","meta":{"footnotes":""},"class_list":["post-2","page","type-page","status-publish","hentry"],"_links":{"self":[{"href":"https:\/\/leo-photos.fr\/index.php\/wp-json\/wp\/v2\/pages\/2","targetHints":{"allow":["GET"]}}],"collection":[{"href":"https:\/\/leo-photos.fr\/index.php\/wp-json\/wp\/v2\/pages"}],"about":[{"href":"https:\/\/leo-photos.fr\/index.php\/wp-json\/wp\/v2\/types\/page"}],"author":[{"embeddable":true,"href":"https:\/\/leo-photos.fr\/index.php\/wp-json\/wp\/v2\/users\/1"}],"replies":[{"embeddable":true,"href":"https:\/\/leo-photos.fr\/index.php\/wp-json\/wp\/v2\/comments?post=2"}],"version-history":[{"count":9,"href":"https:\/\/leo-photos.fr\/index.php\/wp-json\/wp\/v2\/pages\/2\/revisions"}],"predecessor-version":[{"id":193,"href":"https:\/\/leo-photos.fr\/index.php\/wp-json\/wp\/v2\/pages\/2\/revisions\/193"}],"wp:attachment":[{"href":"https:\/\/leo-photos.fr\/index.php\/wp-json\/wp\/v2\/media?parent=2"}],"curies":[{"name":"wp","href":"https:\/\/api.w.org\/{rel}","templated":true}]}}