{"id":46,"date":"2024-01-11T11:24:42","date_gmt":"2024-01-11T10:24:42","guid":{"rendered":"https:\/\/leo-photos.fr\/?page_id=46"},"modified":"2024-02-13T08:55:25","modified_gmt":"2024-02-13T07:55:25","slug":"mariage","status":"publish","type":"page","link":"https:\/\/leo-photos.fr\/index.php\/mariage\/","title":{"rendered":"Mariage"},"content":{"rendered":"\n<p style=\"font-style:normal;font-weight:700\">Votre jour de mariage est bien plus qu&rsquo;une simple journ\u00e9e ; c&rsquo;est un chapitre inaugural de votre histoire d&rsquo;amour, un moment inoubliable o\u00f9 chaque d\u00e9tail, chaque \u00e9motion, m\u00e9rite d&rsquo;\u00eatre ch\u00e9ri pour toujours. C&rsquo;est l\u00e0 que l&rsquo;importance de choisir le bon photographe entre en sc\u00e8ne.<\/p>\n\n\n\n<p>En investissant dans un photographe de mariage professionnel, vous investissez dans des souvenirs intemporels qui vous ram\u00e8neront instantan\u00e9ment \u00e0 l&rsquo;\u00e9motion et \u00e0 la magie de votre jour sp\u00e9cial, ann\u00e9e apr\u00e8s ann\u00e9e.<\/p>\n\n\n\n<p><\/p>\n\n\n\n<figure class=\"wp-block-gallery has-nested-images columns-default is-cropped wp-block-gallery-1 is-layout-flex wp-block-gallery-is-layout-flex\">\n<figure class=\"wp-block-image size-large is-style-rounded\"><img loading=\"lazy\" decoding=\"async\" width=\"1024\" height=\"683\" data-id=\"50\" src=\"https:\/\/leo-photos.fr\/wp-content\/uploads\/2024\/01\/Ph-213-1024x683.jpg\" alt=\"\" class=\"wp-image-50\" srcset=\"https:\/\/leo-photos.fr\/wp-content\/uploads\/2024\/01\/Ph-213-1024x683.jpg 1024w, https:\/\/leo-photos.fr\/wp-content\/uploads\/2024\/01\/Ph-213-300x200.jpg 300w, https:\/\/leo-photos.fr\/wp-content\/uploads\/2024\/01\/Ph-213-768x513.jpg 768w, https:\/\/leo-photos.fr\/wp-content\/uploads\/2024\/01\/Ph-213-1536x1025.jpg 1536w, https:\/\/leo-photos.fr\/wp-content\/uploads\/2024\/01\/Ph-213-2048x1367.jpg 2048w\" sizes=\"auto, (max-width: 1024px) 100vw, 1024px\" \/><\/figure>\n<\/figure>\n\n\n\n<figure class=\"wp-block-gallery has-nested-images columns-default is-cropped wp-block-gallery-2 is-layout-flex wp-block-gallery-is-layout-flex\">\n<figure class=\"wp-block-image size-large is-style-rounded\"><img loading=\"lazy\" decoding=\"async\" width=\"1024\" height=\"683\" data-id=\"60\" src=\"https:\/\/leo-photos.fr\/wp-content\/uploads\/2024\/01\/Ph-411-1-1024x683.jpg\" alt=\"\" class=\"wp-image-60\" srcset=\"https:\/\/leo-photos.fr\/wp-content\/uploads\/2024\/01\/Ph-411-1-1024x683.jpg 1024w, https:\/\/leo-photos.fr\/wp-content\/uploads\/2024\/01\/Ph-411-1-300x200.jpg 300w, https:\/\/leo-photos.fr\/wp-content\/uploads\/2024\/01\/Ph-411-1-768x513.jpg 768w, https:\/\/leo-photos.fr\/wp-content\/uploads\/2024\/01\/Ph-411-1-1536x1025.jpg 1536w, https:\/\/leo-photos.fr\/wp-content\/uploads\/2024\/01\/Ph-411-1-2048x1367.jpg 2048w\" sizes=\"auto, (max-width: 1024px) 100vw, 1024px\" \/><\/figure>\n<\/figure>\n\n\n\n<figure class=\"wp-block-gallery has-nested-images columns-default is-cropped wp-block-gallery-3 is-layout-flex wp-block-gallery-is-layout-flex\">\n<figure class=\"wp-block-image size-large is-style-rounded\"><img loading=\"lazy\" decoding=\"async\" width=\"1024\" height=\"683\" data-id=\"58\" src=\"https:\/\/leo-photos.fr\/wp-content\/uploads\/2024\/01\/Ph-50-3-1024x683.jpg\" alt=\"\" class=\"wp-image-58\" srcset=\"https:\/\/leo-photos.fr\/wp-content\/uploads\/2024\/01\/Ph-50-3-1024x683.jpg 1024w, https:\/\/leo-photos.fr\/wp-content\/uploads\/2024\/01\/Ph-50-3-300x200.jpg 300w, https:\/\/leo-photos.fr\/wp-content\/uploads\/2024\/01\/Ph-50-3-768x513.jpg 768w, https:\/\/leo-photos.fr\/wp-content\/uploads\/2024\/01\/Ph-50-3-1536x1025.jpg 1536w, https:\/\/leo-photos.fr\/wp-content\/uploads\/2024\/01\/Ph-50-3-2048x1367.jpg 2048w\" sizes=\"auto, (max-width: 1024px) 100vw, 1024px\" \/><\/figure>\n<\/figure>\n\n\n\n<figure class=\"wp-block-gallery has-nested-images columns-default is-cropped wp-block-gallery-4 is-layout-flex wp-block-gallery-is-layout-flex\"><\/figure>\n\n\n\n<p class=\"has-text-align-center has-medium-font-size\">Si vous \u00eates pr\u00eats \u00e0 capturer votre amour d&rsquo;une mani\u00e8re exceptionnelle, discutons de la fa\u00e7on dont je peux vous aider \u00e0 cr\u00e9er des souvenirs inoubliables pour votre mariage&#8230;<\/p>\n","protected":false},"excerpt":{"rendered":"<p>Votre jour de mariage est bien plus qu&rsquo;une simple journ\u00e9e ; c&rsquo;est un chapitre inaugural de votre histoire d&rsquo;amour, un moment inoubliable o\u00f9 chaque d\u00e9tail, chaque \u00e9motion, m\u00e9rite d&rsquo;\u00eatre ch\u00e9ri pour toujours. C&rsquo;est l\u00e0 que l&rsquo;importance de choisir le bon photographe entre en sc\u00e8ne. En investissant dans un photographe de mariage professionnel, vous investissez dans [&hellip;]<\/p>\n","protected":false},"author":1,"featured_media":0,"parent":0,"menu_order":2,"comment_status":"closed","ping_status":"closed","template":"","meta":{"footnotes":""},"class_list":["post-46","page","type-page","status-publish","hentry"],"_links":{"self":[{"href":"https:\/\/leo-photos.fr\/index.php\/wp-json\/wp\/v2\/pages\/46","targetHints":{"allow":["GET"]}}],"collection":[{"href":"https:\/\/leo-photos.fr\/index.php\/wp-json\/wp\/v2\/pages"}],"about":[{"href":"https:\/\/leo-photos.fr\/index.php\/wp-json\/wp\/v2\/types\/page"}],"author":[{"embeddable":true,"href":"https:\/\/leo-photos.fr\/index.php\/wp-json\/wp\/v2\/users\/1"}],"replies":[{"embeddable":true,"href":"https:\/\/leo-photos.fr\/index.php\/wp-json\/wp\/v2\/comments?post=46"}],"version-history":[{"count":2,"href":"https:\/\/leo-photos.fr\/index.php\/wp-json\/wp\/v2\/pages\/46\/revisions"}],"predecessor-version":[{"id":195,"href":"https:\/\/leo-photos.fr\/index.php\/wp-json\/wp\/v2\/pages\/46\/revisions\/195"}],"wp:attachment":[{"href":"https:\/\/leo-photos.fr\/index.php\/wp-json\/wp\/v2\/media?parent=46"}],"curies":[{"name":"wp","href":"https:\/\/api.w.org\/{rel}","templated":true}]}}